factor of 150351384 and 2190.
438
What is the highest common divisor of 1924791830 and 260?
130
What is the greatest common divisor of 110452 and 311428?
212
Calculate the greatest common divisor of 30755 and 224554557.
6151
Calculate the greatest common factor of 850410 and 562645.
4295
What is the highest common factor of 8 and 35693384?
8
Calculate the highest common factor of 872870118 and 1194.
1194
Calculate the highest common divisor of 1014040 and 61495.
1255
What is the highest common factor of 23313972 and 10038?
1434
What is the greatest common divisor of 1756123460 and 4641?
1547
What is the highest common divisor of 825124 and 444?
4
What is the highest common factor of 99808 and 3336?
8
Calculate the greatest common factor of 326688 and 1968.
1968
What is the greatest common factor of 186142 and 2112?
22
Calculate the highest common divisor of 81 and 28659231.
27
What is the highest common divisor of 1308 and 3778320?
12
What is the highest common divisor of 2496 and 134324?
4
What is the greatest common divisor of 1440856 and 215506?
778
What is the greatest common divisor of 6325 and 25156043?
253
Calculate the greatest common divisor of 5250283 and 687.
229
What is the greatest common factor of 19752492 and 260544?
16284
What is the highest common divisor of 3022834 and 30840?
514
What is the highest common divisor of 10 and 14503205?
5
Calculate the greatest common factor of 11598335 and 22015.
595
What is the greatest common divisor of 5073 and 1011?
3
Calculate the greatest common factor of 1939810 and 2465.
145
Calculate the highest common divisor of 26 and 950765816.
26
Calculate the highest common factor of 1368 and 14685360.
24
Calculate the greatest common divisor of 345794 and 46166.
82
What is the highest common factor of 362279 and 469181?
5939
Calculate the greatest common factor of 179872 and 304766.
154
Calculate the greatest common divisor of 8511918 and 744.
186
What is the greatest common divisor of 312 and 166885368?
312
What is the greatest common factor of 489624344 and 374?
374
Calculate the highest common divisor of 891 and 776259.
99
What is the greatest common factor of 201585 and 4541670?
1335
Calculate the highest common factor of 342 and 580283541.
171
Calculate the greatest common divisor of 47148615 and 32589.
1917
What is the greatest common divisor of 5670 and 1921528?
14
What is the highest common divisor of 12249 and 67023?
9
What is the highest common divisor of 238 and 27457402?
14
Calculate the greatest common divisor of 654132 and 26258.
38
What is the highest common divisor of 765 and 87906960?
45
Calculate the highest common factor of 65 and 12921597.
13
Calculate the greatest common divisor of 19072 and 1223439.
149
What is the greatest common factor of 2274 and 14467946?
758
What is the greatest common divisor of 1536996 and 682644?
4188
What is the highest common divisor of 1016 and 7090918?
254
Calculate the greatest common divisor of 243 and 295389261.
81
Calculate the greatest common divisor of 26552046 and 318.
318
What is the highest common factor of 5966 and 2997611?
19
Calculate the greatest common factor of 258 and 13711066.
86
What is the highest common factor of 2910 and 6208?
194
Calculate the greatest common factor of 25 and 4750555.
5
Calculate the greatest common factor of 320 and 39905840.
80
Calculate the highest common divisor of 36701704 and 2639.
377
What is the highest common factor of 4971 and 3376795329?
4971
Calculate the greatest common factor of 410 and 49309060.
410
What is the greatest common factor of 1111 and 39937723?
101
What is the greatest common factor of 417441 and 231377?
401
What is the greatest common divisor of 170 and 55429860?
170
Calculate the highest common factor of 1973982 and 229800.
2298
Calculate the highest common factor of 4183 and 63033627.
4183
What is the highest common factor of 498 and 358675204?
166
What is the greatest common factor of 192888 and 150936?
456
What is the highest common divisor of 375879 and 6426?
21
Calculate the greatest common factor of 196863 and 38253.
933
Calculate the greatest common divisor of 1526865 and 281535.
2055
Calculate the greatest common divisor of 154620120 and 21240.
7080
Calculate the highest common divisor of 3664 and 4124290.
458
What is the greatest common factor of 426 and 1297951?
71
Calculate the greatest common factor of 30358 and 109822.
86
What is the highest common factor of 5 and 50698355?
5
Calculate the highest common divisor of 17930984 and 79534.
874
Calculate the highest common factor of 5755288 and 4312.
616
Calculate the highest common divisor of 1089 and 4342734.
99
Calculate the greatest common factor of 16033810 and 290.
290
Calculate the greatest common divisor of 55 and 349232840.
55
Calculate the greatest common divisor of 145357715 and 116.
29
What is the greatest common factor of 1397 and 355695758?
1397
What is the highest common divisor of 76792 and 1288760?
232
What is the greatest common divisor of 50217995 and 435?
145
Calculate the greatest common factor of 6426661 and 20207.
167
What is the highest common divisor of 3332 and 46886?
238
Calculate the greatest common factor of 483158216 and 712.
712
Calculate the highest common divisor of 2001 and 1700551.
23
What is the highest common factor of 7720157 and 39376?
2461
What is the greatest common factor of 5320 and 183776740?
2660
Calculate the greatest common factor of 266700565 and 5235.
1745
What is the highest common divisor of 412480 and 66240?
320
Calculate the highest common factor of 501 and 28547481.
501
What is the highest common divisor of 4614 and 834666?
6
What is the highest common divisor of 296048 and 104?
8
What is the greatest common factor of 318 and 4686030?
6
Calculate the greatest common factor of 37674 and 217308.
546
What is the greatest common divisor of 2934 and 46675539?
1467
What is the highest common divisor of 607555758 and 102?
102
Calculate the greatest common factor of 16641630 and 10.
10
What is the greatest common factor of 75637 and 810722?
43
Calculate the greatest common factor of 160172419 and 2057.
2057
What is the highest common divisor of 127350 and 67290?
30
Calculate the highest common divisor of 102341 and 2911425.
3529
What is the greatest common factor of 4380 and 23694486?
438
What is the highest common divisor of 10887 and 12863?
19
Calculate the highest common divisor of 2263 and 3577803.
2263
Calculate the highest common factor of 1324 and 58506236.
1324
Calculate the highest common divisor of 124 and 5545311.
31
What is the greatest common divisor of 25653 and 27183?
51
What is the highest common divisor of 2056 and 5277238?
514
Calculate the highest common factor of 24 and 236594064.
24
Calculate the greatest common factor of 294 and 2529086.
98
What is the greatest common factor of 72 and 73929848?
8
Calculate the highest common divisor of 33568914 and 79572.
2094
Calculate the greatest common divisor of 3998461124 and 707.
707
Calculate the highest common factor of 63855776 and 1952.
1952
What is the highest common factor of 89252857 and 1817?
1817
What is the greatest common divisor of 1896 and 1476936?
24
Calculate the greatest common divisor of 240698 and 307.
1
What is the highest common divisor of 392 and 18527684?
196
Calculate the greatest common divisor of 35506 and 24805.
41
Calculate the highest common factor of 4185 and 55430.
5
Calculate the highest common divisor of 16527 and 833433.
2361
What is the greatest common divisor of 45497316 and 564?
564
Calculate the greatest common factor of 23100616 and 8778.
154
Calculate the highest common divisor of 10854 and 37098.
162
What is the greatest common divisor of 91 and 8773089?
13
What is the highest common factor of 135 and 509292711?
27
What is the greatest common divisor of 129032 and 1008888?
1016
Calculate the highest common divisor of 148 and 5904719.
37
Calculate the highest common factor of 43037120 and 70.
70
What is the highest common factor of 10783561 and 734?
367
Calculate the highest common divisor of 462 and 421437324.
462
What is the highest common factor of 129214 and 6307?
53
Calculate the greatest common divisor of 2 and 6162146.
2
What is the highest common factor of 16505736 